*j**2 + 966*j - 171. Determine r(-88).
5
Let k(r) = -2*r**3 + 8*r**2 + 4*r - 13. Give k(5).
-43
Let c(q) = 2*q**3 - 37*q**2 - 795*q + 14630. Determine c(18).
-4
Let w(n) = n**3 - 101*n**2 + 87*n + 1370. Give w(100).
70
Let c(l) = 2*l**3 + 202*l**2 - 4*l - 401. Determine c(-101).
3
Let w(a) = -2*a**3 - 7*a**2 + 12*a + 19. What is w(-6)?
127
Let v(t) = -t**2 - 66*t + 2791. Give v(-95).
36
Let s(f) = f**3 + 21*f**2 - 274*f + 22. Give s(9).
-14
Let k(n) = n**2 - 707*n - 5025. Calculate k(-7).
-27
Let w(y) = 3*y**2 - 10*y - 27. What is w(0)?
-27
Let g(k) = -k**3 + 26*k**2 - 22*k + 178. Give g(25).
253
Let k(a) = 7*a**2 + 98*a + 175. Determine k(-12).
7
Let w(j) = j**3 + j**2 - 5*j + 8. Determine w(2).
10
Let h(p) = -6*p**3 + 6*p**2 + 23*p + 3. Calculate h(-3).
150
Let n(y) = 70*y - 11131. What is n(159)?
-1
Let h(v) = -20*v - 647. Give h(-33).
13
Let r(v) = 14*v + 1045. Determine r(-83).
-117
Let p(o) = o**3 - 60*o**2 - 114*o - 656. Determine p(62).
-36
Let d(g) = g**3 + 3*g**2 - 9*g + 8. Calculate d(-5).
3
Let a(r) = -5869*r + 58709. Determine a(10).
19
Let a(o) = 20*o**2 + 33*o - 183. Determine a(5).
482
Let l(n) = -n**3 + 49*n**2 - n - 13. Give l(49).
-62
Let z(c) = 52*c + 111. Determine z(-4).
-97
Let f(i) = 175*i + 352. Calculate f(-2).
2
Let y(h) = -h**2 + 146*h - 3566. Give y(115).
-1
Let j(v) = 15*v - 2002. Calculate j(129).
-67
Let o(w) = -57*w - 1425. Calculate o(-25).
0
Let c(q) = -6557*q + 111469. Determine c(17).
0
Let a(k) = -255*k + 70389. What is a(276)?
9
Let j(m) = 7*m**3 - 6*m**2 + 26*m - 8. Determine j(3).
205
Let x(f) = -1121*f - 56057. Calculate x(-50).
-7
Let b(c) = 24*c + 39. Determine b(-11).
-225
Let i(a) = 134*a**2 - 4*a - 2. Determine i(-1).
136
Let l(k) = 130*k + 1820. Calculate l(-14).
0
Let b(r) = -6*r**2 - 184*r - 1369. Calculate b(-13).
9
Let n(d) = -27*d**2 - 54*d - 205. Calculate n(-5).
-610
Let q(y) = -5*y**2 + 105*y - 203. What is q(19)?
-13
Let c(p) = -2*p**3 + 12*p**2 - 3*p - 6. What is c(6)?
-24
Let x(d) = -551*d - 8266. Determine x(-15).
-1
Let l(z) = 5*z**2 - 773*z + 12287. Determine l(18).
-7
Let q(g) = g**2 + 38*g + 299. Calculate q(-30).
59
Let y(c) = c**3 - 6*c**2 - 11*c + 63. Calculate y(6).
-3
Let l(d) = 3*d**2 - 30*d + 13. Give l(11).
46
Let h(i) = i**3 - 24*i**2 + 275*i - 462. Calculate h(2).
0
Let t(c) = -c**2 - c + 66. What is t(0)?
66
Let t(k) = -131*k - 1593. Calculate t(-12).
-21
Let j(c) = 20*c**3 - 5*c**2 - 25*c - 21. Determine j(-1).
-21
Let d(w) = -245*w**3 - 3*w**2 - 96*w + 98. Determine d(1).
-246
Let o(w) = 725*w - 10154. Determine o(14).
-4
Let p(f) = -234*f - 1417. Determine p(-6).
-13
Let r(v) = v**3 - 21*v**2 - 23*v + 16. Give r(22).
-6
Let c(t) = -290*t**2 - 6*t - 8. Calculate c(-1).
-292
Let w(t) = -4*t**3 - 13*t**2 + 7*t + 58. Give w(-5).
198
Let q(o) = o**3 + 11*o**2 - 37*o + 46. Give q(-14).
-24
Let g(a) = -a**3 + 26*a**2 + a - 12. What is g(26)?
14
Let i(c) = -20*c + 373. What is i(20)?
-27
Let b(h) = h**3 + 16*h**2 + 11*h - 20. What is b(-9)?
448
Let v(z) = 17*z**2 - 325*z + 36. Determine v(19).
-2
Let l(d) = -23*d + 453. What is l(21)?
-30
Let d(w) = w**3 - 37*w**2 + 234*w + 35. Determine d(29).
93
Let f(a) = -78*a + 4822. What is f(62)?
-14
Let i(g) = 72*g - 865. Calculate i(13).
71
Let f(r) = 23*r - 534. Give f(17).
-143
Let a(q) = -q**3 + 42*q**2 - 48*q - 41. Determine a(41).
-328
Let a(k) = -k**2 + 41*k - 380. Calculate a(27).
-2
Let a(n) = -7*n + 527. Give a(7).
478
Let u(c) = c**3 - 13*c**2 - 138*c + 1797. What is u(12)?
-3
Let d(r) = -r**3 + 19*r**2 - 72*r + 17. Determine d(14).
-11
Let b(z) = 108*z - 50. Determine b(2).
166
Let r(a) = -24*a + 35. Calculate r(-5).
155
Let m(w) = -w**3 + w**2 + 90*w - 29. Give m(-10).
171
Let x(w) = 5*w**3 - 70*w**2 + 2*w - 22. Determine x(14).
6
Let j(x) = -191*x + 36. Give j(1).
-155
Let k(d) = -d**3 - 30*d**2 - 25*d - 256. Determine k(-30).
494
Let a(f) = -146*f + 10457. What is a(73)?
-201
Let n(w) = -63*w + 5577. Determine n(88).
33
Let f(x) = x**2 + 45*x - 3393. What is f(-85)?
7
Let c(q) = 45*q - 12. What is c(-4)?
-192
Let o(r) = 2*r**3 + 92*r**2 + 44*r + 2030. What is o(-46)?
6
Let a(p) = -3*p**2 + 511*p - 17472. What is a(123)?
-6
Let t(k) = k**3 + 246*k**2 - 7667*k + 1363. Calculate t(-274).
-7
Let z(g) = -6*g**2 - 22*g - 32. What is z(-5)?
-72
Let i(b) = 4*b**2 + 14*b + 2. Calculate i(-2).
-10
Let h(q) = 2*q**3 + 20*q**2 + 11*q - 12. Give h(-9).
51
Let s(n) = -n**3 - 28*n**2 + 586*n - 87. What is s(-42)?
-3
Let c(i) = i**3 - 4*i**2 - i - 10. Give c(4).
-14
Let t(d) = 93*d - 786. Give t(8).
-42
Let w(d) = 23*d - 347. Calculate w(20).
113
Let x(r) = -77*r + 572. Calculate x(8).
-44
Let z(k) = -3*k**2 + 22*k + 330. What is z(-7)?
29
Let t(w) = -7*w**2 - 706*w + 80. Give t(-101).
-21
Let d(m) = m**3 + 9*m**2 - 46*m + 12. Determine d(-14).
-324
Let v(w) = w**2 + 3573*w - 50213. What is v(14)?
5
Let z(f) = 2*f**3 - 24*f**2 + 68*f + 7. Calculate z(6).
-17
Let n(o) = -53*o + 898. Give n(17).
-3
Let j(u) = u**2 - 3*u - 336. Calculate j(-17).
4
Let f(w) = 68*w - 3883. Give f(57).
-7
Let x(g) = 196*g + 781. What is x(-4)?
-3
Let k(u) = -5*u**2 - 8*u - 3. Determine k(0).
-3
Let a(x) = -x**3 + 36*x**2 - 73*x + 7. What is a(2)?
-3
Let a(m) = m**3 + 5*m**2 + 34*m. Calculate a(-4).
-120
Let b(y) = -y**3 - 8*y**2 - 50*y - 305. Calculate b(-7).
-4
Let k(u) = u**3 - 90*u**2 - 279*u + 41. What is k(93)?
41
Let f(p) = -11*p + 43. Give f(-3).
76
Let z(i) = -3*i**3 + 3*i**2 + 5*i - 9. What is z(-5)?
416
Let l(y) = -y**2 - 7*y - 16. Calculate l(-5).
-6
Let k(s) = 6*s + 200. Give k(-6).
164
Let g(h) = -h**2 + 129*h - 4070. Calculate g(73).
18
Let t(c) = -1866*c - 5592. Determine t(-3).
6
Let g(u) = 174*u + 8172. Give g(-47).
-6
Let c(a) = -a**2 + 210*a + 5355. What is c(-23)?
-4
Let f(z) = -2*z**2 + 3056*z - 12199. Give f(4).
-7
Let p(j) = -2*j**3 - 40*j**2 - 40*j - 30. Give p(-19).
8
Let t(u) = -2*u**2 - 55*u - 262. Determine t(-17).
95
Let t(i) = -2*i**3 + 52*i**2 + 44*i + 7. What is t(27)?
-263
Let y(s) = 159*s - 826. Determine y(5).
-31
Let r(d) = 4*d**3 - 25*d**2 + 37*d - 1. Give r(4).
3
Let j(p) = 355*p - 8877. Determine j(25).
-2
Let c(d) = d**2 + 240*d + 2304. What is c(-10)?
4
Let z(i) = -4*i**2 + 154*i - 439. Determine z(35).
51
Let i(c) = -c**3 + 14*c**2 + 60*c + 14. Determine i(18).
-202
Let b(a) = -6*a**3 + 44*a**2 - 3*a - 64. Give b(7).
13
Let x(p) = -4*p**2 - 35*p + 17. Give x(-9).
8
Let o(q) = q**3 - 11*q**2 + 17. Give o(11).
17
Let y(n) = 42*n**2 - 441*n - 22. Calculate y(11).
209
Let x(r) = -r**3 + 23*r**2 + 113*r + 12. What is x(-4)?
-8
Let w(a) = -197*a - 2176. Calculate w(-11).
-9
Let b(r) = r**3 + 56*r**2 + 775*r + 373. Determine b(-23).
5
Let o(f) = 5*f + 21. Calculate o(-6).
-9
Let l(x) = -x**2 + 3*x + 5. Give l(17).
-233
Let c(t) = -7*t + 183. Calculate c(-8).
239
Let s(y) = -9*y**3 - 42*y**2 - 45*y - 2. Calculate s(-1).
10
Let n(x) = 21*x + 1449. Determine n(-70).
-21
Let v(n) = -n**3 + 41*n**2 - 71*n - 93. Calculate v(39).
180
Let b(x) = -x**3 + 13*x**2 + 15*x - 88. Give b(6).
254
Let c(w) = 27*w + 84. What is c(-3)?
3
Let s(w) = -108*w - 195. Calculate s(-2).
21
Let a(f) = 3*f**3 + 189*f**2 + 3*f + 214. Determine a(-63).
25
Let a(b) = -6*b**2 - 48*b + 227. Calculate a(-12).
-61
Let b(y) = 98*y + 2250. Give b(-21).
192
Let p(y) = -12*y**3 - y**2 + 72*y + 15. Determine p(0).
15
Let i(z) = -z**3 + 3*z**2 + 9*z + 51. Give i(6).
-3
Let a(f) = -f**2 - 100*f - 196. Calculate a(-2).
0
Let q(j) = j**3 + 36*j**2 + 319*j - 80. Determine q(-19).
-4
Let s(c) = 5*c**3 - 12*c**2 + 20*c - 11. What is s(4)?
197
Let w(g) = -174*g**2 + 4*g - 2. Calculate w(1).
-172
Let c(t) = t**3 - 9*t**2 + 14*t - 4. Give c(5).
-34
Let p(h) = -4*h**2 + 82*h + 37. Determine p(16).
325
Let k(q) = q**2 + 36*q + 337. Give k(-27).
94
Let q(p) = -p**3 - 5*p**2 - 3*p + 16. Calculate q(3).
-65
Let q(h) = -7*h**2 + 65*h - 376. Determine q(5).
-226
Let r(b) = 19*b**2 - 14*b - 14. Determine r(3).
115
Let w(n) = n**3 + 11*n - 260. Determine w(0).
-260
Let z(u) = -419*u + 72068. Give z(172).
0
Let d(j) = -53*j**3 - 2*j**2 - 26*j - 24. Determine d(-1).
53
Let w(x) = 4*x**2 - 22*x - 11. Determine w(3).
-41
Let f(h) = -30*h - 2099. What is f(-70)?
1
Let s(n) = 3*n**2 - 10*n + 92. Give s(8).
204
Let a(l) = l**3 - 14*l**2 + 27*l + 8. Give a(12).
44
Let l(x) = -2*x**2 +